{"id":171,"date":"2018-03-22T20:33:29","date_gmt":"2018-03-22T20:33:29","guid":{"rendered":"http:\/\/www.geosystemjastrzebski.pl\/?page_id=171"},"modified":"2018-03-23T05:48:23","modified_gmt":"2018-03-23T05:48:23","slug":"plyta-dynamiczna","status":"publish","type":"page","link":"http:\/\/www.geosystemjastrzebski.pl\/?page_id=171","title":{"rendered":"P\u0142yta dynamiczna"},"content":{"rendered":"<p><a href=\"http:\/\/www.geosystemjastrzebski.pl\/wp-content\/uploads\/2018\/03\/P\u0141YTA-DYNAMICZNA-ZFG-3.0-ZORN.jpg\"><img decoding=\"async\" loading=\"lazy\" class=\"alignnone size-medium wp-image-54\" src=\"http:\/\/www.geosystemjastrzebski.pl\/wp-content\/uploads\/2018\/03\/P\u0141YTA-DYNAMICZNA-ZFG-3.0-ZORN-117x300.jpg\" alt=\"\" width=\"117\" height=\"300\" srcset=\"http:\/\/www.geosystemjastrzebski.pl\/wp-content\/uploads\/2018\/03\/P\u0141YTA-DYNAMICZNA-ZFG-3.0-ZORN-117x300.jpg 117w, http:\/\/www.geosystemjastrzebski.pl\/wp-content\/uploads\/2018\/03\/P\u0141YTA-DYNAMICZNA-ZFG-3.0-ZORN.jpg 374w\" sizes=\"(max-width: 117px) 100vw, 117px\" \/><\/a><\/p>\n<p>Lekka p\u0142yta dynamiczna renomowanej firmy ZORN ZFG 3.0 s\u0142u\u017cy do kontroli zag\u0119szczenia gruntu. Badanie prowadzi si\u0119 w prosty spos\u00f3b, obci\u0105\u017caj\u0105c dynamicznie p\u0142yt\u0119 o \u015brednicy 30 centymetr\u00f3w. Po trzech pr\u00f3bnych obci\u0105\u017ceniach dokonuje si\u0119 w\u0142a\u015bciwych pomiar\u00f3w odkszta\u0142cenia pod\u0142o\u017ca. Odczyty rejestruje elektroniczny przyrz\u0105d, po\u0142\u0105czony kablem z p\u0142yt\u0105. Bezpo\u015brednio po pomiarze mo\u017cna stwierdzi\u0107 czy badane pod\u0142o\u017ce zosta\u0142o zag\u0119szczone w spos\u00f3b wystarczaj\u0105cy.<\/p>\n<p>P\u0142yta dynamiczna pozwala okre\u015bli\u0107 dynamiczny modu\u0142 odkszta\u0142cenia pod\u0142o\u017ca Ev. Korzystaj\u0105c ze znanych korelacji z warto\u015bci modu\u0142u mo\u017cna bezpo\u015brednio wyznaczy\u0107 wska\u017anik zag\u0119szczenia pod\u0142o\u017ca Is.<\/p>\n<p>Lekk\u0105 p\u0142yt\u0105 dynamiczn\u0105 mo\u017cna zbada\u0107 powierzchniowe warstwy pod\u0142o\u017ca do grubo\u015bci oko\u0142o 0.5 metra. G\u0142\u0119biej po\u0142o\u017cone warstwy mo\u017cna skontrolowa\u0107 umieszczaj\u0105c p\u0142yt\u0119 w szurfach badawczych (ma\u0142ych wykopach).<\/p>\n<p>Urz\u0105dzenie jest bardzo przydatne gdy potrzeba jest okre\u015bli\u0107 zag\u0119szczenie wbudowanych w pod\u0142o\u017ce warstw gruntu, pod posadzki, fundamenty, drogi itp. P\u0142yt\u0105 kontroluje si\u0119 wbudowane warstwy gruntu w nasypy i przy wype\u0142nianiu wykop\u00f3w przy wymianie grunt\u00f3w.<\/p>\n<p>W Niemczech gdzie p\u0142yta dynamiczna zosta\u0142a skonstruowana i wyprodukowana, urz\u0105dzenie to znalaz\u0142o szerokie zastosowanie, szczeg\u00f3lnie w budownictwie drogowym. Tak\u017ce w Polsce zainteresowanie lekk\u0105 p\u0142yt\u0105 dynamiczn\u0105 jest coraz wi\u0119ksze. Wiele firm geotechnicznych prowadzi badania tym urz\u0105dzeniem na budowie autostrad i dr\u00f3g ekspresowych.<\/p>\n","protected":false},"excerpt":{"rendered":"<p>Lekka p\u0142yta dynamiczna renomowanej firmy ZORN ZFG 3.0 s\u0142u\u017cy do kontroli zag\u0119szczenia gruntu. Badanie prowadzi si\u0119 w prosty spos\u00f3b, obci\u0105\u017caj\u0105c dynamicznie p\u0142yt\u0119 o \u015brednicy 30 centymetr\u00f3w. Po trzech pr\u00f3bnych obci\u0105\u017ceniach dokonuje si\u0119 w\u0142a\u015bciwych pomiar\u00f3w odkszta\u0142cenia pod\u0142o\u017ca. Odczyty rejestruje elektroniczny przyrz\u0105d, po\u0142\u0105czony kablem z p\u0142yt\u0105. Bezpo\u015brednio po pomiarze mo\u017cna stwierdzi\u0107 czy badane pod\u0142o\u017ce zosta\u0142o zag\u0119szczone w [&hellip;]<\/p>\n","protected":false},"author":2,"featured_media":0,"parent":0,"menu_order":0,"comment_status":"closed","ping_status":"closed","template":"","meta":[],"_links":{"self":[{"href":"http:\/\/www.geosystemjastrzebski.pl\/index.php?rest_route=\/wp\/v2\/pages\/171"}],"collection":[{"href":"http:\/\/www.geosystemjastrzebski.pl\/index.php?rest_route=\/wp\/v2\/pages"}],"about":[{"href":"http:\/\/www.geosystemjastrzebski.pl\/index.php?rest_route=\/wp\/v2\/types\/page"}],"author":[{"embeddable":true,"href":"http:\/\/www.geosystemjastrzebski.pl\/index.php?rest_route=\/wp\/v2\/users\/2"}],"replies":[{"embeddable":true,"href":"http:\/\/www.geosystemjastrzebski.pl\/index.php?rest_route=%2Fwp%2Fv2%2Fcomments&post=171"}],"version-history":[{"count":3,"href":"http:\/\/www.geosystemjastrzebski.pl\/index.php?rest_route=\/wp\/v2\/pages\/171\/revisions"}],"predecessor-version":[{"id":210,"href":"http:\/\/www.geosystemjastrzebski.pl\/index.php?rest_route=\/wp\/v2\/pages\/171\/revisions\/210"}],"wp:attachment":[{"href":"http:\/\/www.geosystemjastrzebski.pl\/index.php?rest_route=%2Fwp%2Fv2%2Fmedia&parent=171"}],"curies":[{"name":"wp","href":"https:\/\/api.w.org\/{rel}","templated":true}]}}